{"id":886,"date":"2017-01-30T15:00:51","date_gmt":"2017-01-30T15:00:51","guid":{"rendered":"http:\/\/gieco-holz.de\/cms\/produkt\/verkaufshaus-emmy-xxl\/"},"modified":"2022-01-16T19:12:00","modified_gmt":"2022-01-16T18:12:00","slug":"verkaufshaus-emmy-xxl","status":"publish","type":"product","link":"https:\/\/www.gieco-holz.de\/cms\/produkt\/verkaufshaus-emmy-xxl\/","title":{"rendered":"Verkaufshaus Emmy XXL"},"content":{"rendered":"<p><strong>Verkaufshaus Emmy XXL, roh unbehandelt <\/strong><\/p>\n<p><strong>Artikelbeschreibung &#8211; Lieferumfang:<\/strong><\/p>\n<ul>\n<li><strong>Breite 323 cm<\/strong><\/li>\n<li><strong>Tiefe 259 cm<\/strong><\/li>\n<li><strong>Firsth\u00f6he 239 cm<\/strong><\/li>\n<li><strong>Bretter 16 mm stark roh unbehandelt<\/strong><\/li>\n<li>T\u00fcr 76 x 169 cm an einer Seite<\/li>\n<li>2 Verkaufsklappe vorn 82 x 118 cm nach au\u00dfen<\/li>\n<li>Fu\u00dfboden aus OSB-Platten, alternativ Siebdruckplatten gegen Aufpreis<\/li>\n<li>Planedach aus LKW Plane (Farbe nach Wahl)<\/li>\n<li>Transport- und Lagerpalette<\/li>\n<li>Schrauben (schneller Auf- und Abbau ohne Werkzeug)<\/li>\n<li>Aufbauanleitung<\/li>\n<\/ul>\n","protected":false},"excerpt":{"rendered":"<p>Das Verkaufshaus Emmy XXL\u00a0 ist f\u00fcr den schnellen Auf- und Abbau vorbereitet. Alle Teile sind vormontiert und brauchen vom Kunden nur noch mit Steckverbindern verbunden werden. Den Boden gibt es\u00a0 in zwei Varianten (Standard OSB, Siebdruck gegen Aufpreis). Die stabile Dachplane liefern wir in verschiedenen RAL &#8211; Farben.<\/p>\n<p>&nbsp;<\/p>\n<p>&nbsp;<\/p>\n","protected":false},"featured_media":888,"template":"","meta":[],"yoast_head":"<!-- This site is optimized with the Yoast SEO plugin v19.8 - https:\/\/yoast.com\/wordpress\/plugins\/seo\/ -->\n<title>Verkaufshaus Emmy XXL - GIECO Holz und Verbindungstechnik<\/title>\n<meta name=\"robots\" content=\"index, follow, max-snippet:-1, max-image-preview:large, max-video-preview:-1\" \/>\n<link rel=\"canonical\" href=\"https:\/\/www.gieco-holz.de\/cms\/produkt\/verkaufshaus-emmy-xxl\/\" \/>\n<meta property=\"og:locale\" content=\"de_DE\" \/>\n<meta property=\"og:type\" content=\"article\" \/>\n<meta property=\"og:title\" content=\"Verkaufshaus Emmy XXL - GIECO Holz und Verbindungstechnik\" \/>\n<meta property=\"og:description\" content=\"Das Verkaufshaus Emmy XXL\u00a0 ist f\u00fcr den schnellen Auf- und Abbau vorbereitet. Alle Teile sind vormontiert und brauchen vom Kunden nur noch mit Steckverbindern verbunden werden. Den Boden gibt es\u00a0 in zwei Varianten (Standard OSB, Siebdruck gegen Aufpreis). Die stabile Dachplane liefern wir in verschiedenen RAL - Farben.  &nbsp;  &nbsp;\" \/>\n<meta property=\"og:url\" content=\"https:\/\/www.gieco-holz.de\/cms\/produkt\/verkaufshaus-emmy-xxl\/\" \/>\n<meta property=\"og:site_name\" content=\"GIECO Holz und Verbindungstechnik\" \/>\n<meta property=\"article:publisher\" content=\"https:\/\/www.facebook.com\/GIECO.Holz\/\" \/>\n<meta property=\"article:modified_time\" content=\"2022-01-16T18:12:00+00:00\" \/>\n<meta property=\"og:image\" content=\"https:\/\/www.gieco-holz.de\/cms\/wp-content\/uploads\/2017\/01\/Stella_8.2_m2_visual_white.jpg\" \/>\n\t<meta property=\"og:image:width\" content=\"2000\" \/>\n\t<meta property=\"og:image:height\" content=\"1500\" \/>\n\t<meta property=\"og:image:type\" content=\"image\/jpeg\" \/>\n<meta name=\"twitter:card\" content=\"summary_large_image\" \/>\n<script type=\"application\/ld+json\" class=\"yoast-schema-graph\">{\"@context\":\"https:\/\/schema.org\",\"@graph\":[{\"@type\":\"WebPage\",\"@id\":\"https:\/\/www.gieco-holz.de\/cms\/produkt\/verkaufshaus-emmy-xxl\/\",\"url\":\"https:\/\/www.gieco-holz.de\/cms\/produkt\/verkaufshaus-emmy-xxl\/\",\"name\":\"Verkaufshaus Emmy XXL - GIECO Holz und Verbindungstechnik\",\"isPartOf\":{\"@id\":\"https:\/\/www.gieco-holz.de\/cms\/#website\"},\"datePublished\":\"2017-01-30T15:00:51+00:00\",\"dateModified\":\"2022-01-16T18:12:00+00:00\",\"breadcrumb\":{\"@id\":\"https:\/\/www.gieco-holz.de\/cms\/produkt\/verkaufshaus-emmy-xxl\/#breadcrumb\"},\"inLanguage\":\"de-DE\",\"potentialAction\":[{\"@type\":\"ReadAction\",\"target\":[\"https:\/\/www.gieco-holz.de\/cms\/produkt\/verkaufshaus-emmy-xxl\/\"]}]},{\"@type\":\"BreadcrumbList\",\"@id\":\"https:\/\/www.gieco-holz.de\/cms\/produkt\/verkaufshaus-emmy-xxl\/#breadcrumb\",\"itemListElement\":[{\"@type\":\"ListItem\",\"position\":1,\"name\":\"Startseite\",\"item\":\"https:\/\/www.gieco-holz.de\/cms\/\"},{\"@type\":\"ListItem\",\"position\":2,\"name\":\"Katalog\",\"item\":\"https:\/\/www.gieco-holz.de\/cms\/shop\/\"},{\"@type\":\"ListItem\",\"position\":3,\"name\":\"Verkaufshaus Emmy XXL\"}]},{\"@type\":\"WebSite\",\"@id\":\"https:\/\/www.gieco-holz.de\/cms\/#website\",\"url\":\"https:\/\/www.gieco-holz.de\/cms\/\",\"name\":\"GIECO Holz und Verbindungstechnik\",\"description\":\"Blockh\u00e4user, Carports, Terrassen, Z\u00e4une, Sichtschutz, Gartenholz, Verkaufsh\u00e4user, Schrauben und Spielger\u00e4te\",\"potentialAction\":[{\"@type\":\"SearchAction\",\"target\":{\"@type\":\"EntryPoint\",\"urlTemplate\":\"https:\/\/www.gieco-holz.de\/cms\/?s={search_term_string}\"},\"query-input\":\"required name=search_term_string\"}],\"inLanguage\":\"de-DE\"}]}<\/script>\n<!-- \/ Yoast SEO plugin. -->","yoast_head_json":{"title":"Verkaufshaus Emmy XXL - GIECO Holz und Verbindungstechnik","robots":{"index":"index","follow":"follow","max-snippet":"max-snippet:-1","max-image-preview":"max-image-preview:large","max-video-preview":"max-video-preview:-1"},"canonical":"https:\/\/www.gieco-holz.de\/cms\/produkt\/verkaufshaus-emmy-xxl\/","og_locale":"de_DE","og_type":"article","og_title":"Verkaufshaus Emmy XXL - GIECO Holz und Verbindungstechnik","og_description":"Das Verkaufshaus Emmy XXL\u00a0 ist f\u00fcr den schnellen Auf- und Abbau vorbereitet. Alle Teile sind vormontiert und brauchen vom Kunden nur noch mit Steckverbindern verbunden werden. Den Boden gibt es\u00a0 in zwei Varianten (Standard OSB, Siebdruck gegen Aufpreis). Die stabile Dachplane liefern wir in verschiedenen RAL - Farben.  &nbsp;  &nbsp;","og_url":"https:\/\/www.gieco-holz.de\/cms\/produkt\/verkaufshaus-emmy-xxl\/","og_site_name":"GIECO Holz und Verbindungstechnik","article_publisher":"https:\/\/www.facebook.com\/GIECO.Holz\/","article_modified_time":"2022-01-16T18:12:00+00:00","og_image":[{"width":2000,"height":1500,"url":"https:\/\/www.gieco-holz.de\/cms\/wp-content\/uploads\/2017\/01\/Stella_8.2_m2_visual_white.jpg","type":"image\/jpeg"}],"twitter_card":"summary_large_image","schema":{"@context":"https:\/\/schema.org","@graph":[{"@type":"WebPage","@id":"https:\/\/www.gieco-holz.de\/cms\/produkt\/verkaufshaus-emmy-xxl\/","url":"https:\/\/www.gieco-holz.de\/cms\/produkt\/verkaufshaus-emmy-xxl\/","name":"Verkaufshaus Emmy XXL - GIECO Holz und Verbindungstechnik","isPartOf":{"@id":"https:\/\/www.gieco-holz.de\/cms\/#website"},"datePublished":"2017-01-30T15:00:51+00:00","dateModified":"2022-01-16T18:12:00+00:00","breadcrumb":{"@id":"https:\/\/www.gieco-holz.de\/cms\/produkt\/verkaufshaus-emmy-xxl\/#breadcrumb"},"inLanguage":"de-DE","potentialAction":[{"@type":"ReadAction","target":["https:\/\/www.gieco-holz.de\/cms\/produkt\/verkaufshaus-emmy-xxl\/"]}]},{"@type":"BreadcrumbList","@id":"https:\/\/www.gieco-holz.de\/cms\/produkt\/verkaufshaus-emmy-xxl\/#breadcrumb","itemListElement":[{"@type":"ListItem","position":1,"name":"Startseite","item":"https:\/\/www.gieco-holz.de\/cms\/"},{"@type":"ListItem","position":2,"name":"Katalog","item":"https:\/\/www.gieco-holz.de\/cms\/shop\/"},{"@type":"ListItem","position":3,"name":"Verkaufshaus Emmy XXL"}]},{"@type":"WebSite","@id":"https:\/\/www.gieco-holz.de\/cms\/#website","url":"https:\/\/www.gieco-holz.de\/cms\/","name":"GIECO Holz und Verbindungstechnik","description":"Blockh\u00e4user, Carports, Terrassen, Z\u00e4une, Sichtschutz, Gartenholz, Verkaufsh\u00e4user, Schrauben und Spielger\u00e4te","potentialAction":[{"@type":"SearchAction","target":{"@type":"EntryPoint","urlTemplate":"https:\/\/www.gieco-holz.de\/cms\/?s={search_term_string}"},"query-input":"required name=search_term_string"}],"inLanguage":"de-DE"}]}},"_links":{"self":[{"href":"https:\/\/www.gieco-holz.de\/cms\/wp-json\/wp\/v2\/product\/886"}],"collection":[{"href":"https:\/\/www.gieco-holz.de\/cms\/wp-json\/wp\/v2\/product"}],"about":[{"href":"https:\/\/www.gieco-holz.de\/cms\/wp-json\/wp\/v2\/types\/product"}],"wp:featuredmedia":[{"embeddable":true,"href":"https:\/\/www.gieco-holz.de\/cms\/wp-json\/wp\/v2\/media\/888"}],"wp:attachment":[{"href":"https:\/\/www.gieco-holz.de\/cms\/wp-json\/wp\/v2\/media?parent=886"}],"curies":[{"name":"wp","href":"https:\/\/api.w.org\/{rel}","templated":true}]}}