{"id":523,"date":"2015-02-25T09:57:05","date_gmt":"2015-02-25T09:57:05","guid":{"rendered":"http:\/\/gieco-holz.de\/cms\/produkt\/schaukelboje\/"},"modified":"2022-01-16T19:12:02","modified_gmt":"2022-01-16T18:12:02","slug":"schaukelboje","status":"publish","type":"product","link":"https:\/\/www.gieco-holz.de\/cms\/produkt\/schaukelboje\/","title":{"rendered":"Schaukelboje"},"content":{"rendered":"<p><strong>Schaukelboje \u00d8 41cm<br \/>\n<\/strong><\/p>\n<p><strong>Lieferumfang:<\/strong><\/p>\n<ul>\n<li>Seile aus PH (Polyhemp) 12 mm stark<\/li>\n<li>inkl. Aufblasventil<\/li>\n<li>neu und original verpackt<\/li>\n<li>Lieferung erfolgt nicht aufgeblasen<\/li>\n<\/ul>\n<p><strong>Material und Ma\u00dfe:<br \/>\n<\/strong><\/p>\n<ul>\n<li>\u00d8 41cm \/ H\u00f6he 51cm<\/li>\n<li>witterungsbest\u00e4ndig<\/li>\n<li>maximale Schaukelbalkenh\u00f6he 250 cm<\/li>\n<li>maximale Belastung bis 80 kg<\/li>\n<li>T\u00dcV gepr\u00fcft<\/li>\n<\/ul>\n<p><strong>Warnhinweise lt. EU-Verordnung:<\/strong><\/p>\n<ul>\n<li>Nur f\u00fcr den privaten Hausgebrauch<\/li>\n<li>Nur f\u00fcr Kinder von 3 &#8211; 14 Jahren<\/li>\n<li>Benutzung nur unter Aufsicht von Erwachsenen<\/li>\n<\/ul>\n","protected":false},"excerpt":{"rendered":"<p>Die Schaukelboje ist ein gro\u00dfer Schaukelspa\u00df f\u00fcr Kinder und nur in der Farben gelb verf\u00fcgbar. F\u00fcr Schaukeln mit einem Schaukelbalken bis zu einer H\u00f6he von 250 cm verwendbar. Die Aufh\u00e4ngung ist aus Kunststoffseilen PH 12 mm stark und wird mit Ringen an den Schaukelschellen des Gestells\u00a0 befestigt.<\/p>\n","protected":false},"featured_media":565,"template":"","meta":[],"yoast_head":"<!-- This site is optimized with the Yoast SEO plugin v19.8 - https:\/\/yoast.com\/wordpress\/plugins\/seo\/ -->\n<title>Schaukelboje - GIECO Holz und Verbindungstechnik<\/title>\n<meta name=\"robots\" content=\"index, follow, max-snippet:-1, max-image-preview:large, max-video-preview:-1\" \/>\n<link rel=\"canonical\" href=\"https:\/\/www.gieco-holz.de\/cms\/produkt\/schaukelboje\/\" \/>\n<meta property=\"og:locale\" content=\"de_DE\" \/>\n<meta property=\"og:type\" content=\"article\" \/>\n<meta property=\"og:title\" content=\"Schaukelboje - GIECO Holz und Verbindungstechnik\" \/>\n<meta property=\"og:description\" content=\"Die Schaukelboje ist ein gro\u00dfer Schaukelspa\u00df f\u00fcr Kinder und nur in der Farben gelb verf\u00fcgbar. F\u00fcr Schaukeln mit einem Schaukelbalken bis zu einer H\u00f6he von 250 cm verwendbar. Die Aufh\u00e4ngung ist aus Kunststoffseilen PH 12 mm stark und wird mit Ringen an den Schaukelschellen des Gestells\u00a0 befestigt.\" \/>\n<meta property=\"og:url\" content=\"https:\/\/www.gieco-holz.de\/cms\/produkt\/schaukelboje\/\" \/>\n<meta property=\"og:site_name\" content=\"GIECO Holz und Verbindungstechnik\" \/>\n<meta property=\"article:publisher\" content=\"https:\/\/www.facebook.com\/GIECO.Holz\/\" \/>\n<meta property=\"article:modified_time\" content=\"2022-01-16T18:12:02+00:00\" \/>\n<meta property=\"og:image\" content=\"https:\/\/www.gieco-holz.de\/cms\/wp-content\/uploads\/2015\/02\/Boje-gelb.jpg\" \/>\n\t<meta property=\"og:image:width\" content=\"640\" \/>\n\t<meta property=\"og:image:height\" content=\"640\" \/>\n\t<meta property=\"og:image:type\" content=\"image\/jpeg\" \/>\n<meta name=\"twitter:card\" content=\"summary_large_image\" \/>\n<script type=\"application\/ld+json\" class=\"yoast-schema-graph\">{\"@context\":\"https:\/\/schema.org\",\"@graph\":[{\"@type\":\"WebPage\",\"@id\":\"https:\/\/www.gieco-holz.de\/cms\/produkt\/schaukelboje\/\",\"url\":\"https:\/\/www.gieco-holz.de\/cms\/produkt\/schaukelboje\/\",\"name\":\"Schaukelboje - GIECO Holz und Verbindungstechnik\",\"isPartOf\":{\"@id\":\"https:\/\/www.gieco-holz.de\/cms\/#website\"},\"datePublished\":\"2015-02-25T09:57:05+00:00\",\"dateModified\":\"2022-01-16T18:12:02+00:00\",\"breadcrumb\":{\"@id\":\"https:\/\/www.gieco-holz.de\/cms\/produkt\/schaukelboje\/#breadcrumb\"},\"inLanguage\":\"de-DE\",\"potentialAction\":[{\"@type\":\"ReadAction\",\"target\":[\"https:\/\/www.gieco-holz.de\/cms\/produkt\/schaukelboje\/\"]}]},{\"@type\":\"BreadcrumbList\",\"@id\":\"https:\/\/www.gieco-holz.de\/cms\/produkt\/schaukelboje\/#breadcrumb\",\"itemListElement\":[{\"@type\":\"ListItem\",\"position\":1,\"name\":\"Startseite\",\"item\":\"https:\/\/www.gieco-holz.de\/cms\/\"},{\"@type\":\"ListItem\",\"position\":2,\"name\":\"Katalog\",\"item\":\"https:\/\/www.gieco-holz.de\/cms\/shop\/\"},{\"@type\":\"ListItem\",\"position\":3,\"name\":\"Schaukelboje\"}]},{\"@type\":\"WebSite\",\"@id\":\"https:\/\/www.gieco-holz.de\/cms\/#website\",\"url\":\"https:\/\/www.gieco-holz.de\/cms\/\",\"name\":\"GIECO Holz und Verbindungstechnik\",\"description\":\"Blockh\u00e4user, Carports, Terrassen, Z\u00e4une, Sichtschutz, Gartenholz, Verkaufsh\u00e4user, Schrauben und Spielger\u00e4te\",\"potentialAction\":[{\"@type\":\"SearchAction\",\"target\":{\"@type\":\"EntryPoint\",\"urlTemplate\":\"https:\/\/www.gieco-holz.de\/cms\/?s={search_term_string}\"},\"query-input\":\"required name=search_term_string\"}],\"inLanguage\":\"de-DE\"}]}<\/script>\n<!-- \/ Yoast SEO plugin. -->","yoast_head_json":{"title":"Schaukelboje - GIECO Holz und Verbindungstechnik","robots":{"index":"index","follow":"follow","max-snippet":"max-snippet:-1","max-image-preview":"max-image-preview:large","max-video-preview":"max-video-preview:-1"},"canonical":"https:\/\/www.gieco-holz.de\/cms\/produkt\/schaukelboje\/","og_locale":"de_DE","og_type":"article","og_title":"Schaukelboje - GIECO Holz und Verbindungstechnik","og_description":"Die Schaukelboje ist ein gro\u00dfer Schaukelspa\u00df f\u00fcr Kinder und nur in der Farben gelb verf\u00fcgbar. F\u00fcr Schaukeln mit einem Schaukelbalken bis zu einer H\u00f6he von 250 cm verwendbar. Die Aufh\u00e4ngung ist aus Kunststoffseilen PH 12 mm stark und wird mit Ringen an den Schaukelschellen des Gestells\u00a0 befestigt.","og_url":"https:\/\/www.gieco-holz.de\/cms\/produkt\/schaukelboje\/","og_site_name":"GIECO Holz und Verbindungstechnik","article_publisher":"https:\/\/www.facebook.com\/GIECO.Holz\/","article_modified_time":"2022-01-16T18:12:02+00:00","og_image":[{"width":640,"height":640,"url":"https:\/\/www.gieco-holz.de\/cms\/wp-content\/uploads\/2015\/02\/Boje-gelb.jpg","type":"image\/jpeg"}],"twitter_card":"summary_large_image","schema":{"@context":"https:\/\/schema.org","@graph":[{"@type":"WebPage","@id":"https:\/\/www.gieco-holz.de\/cms\/produkt\/schaukelboje\/","url":"https:\/\/www.gieco-holz.de\/cms\/produkt\/schaukelboje\/","name":"Schaukelboje - GIECO Holz und Verbindungstechnik","isPartOf":{"@id":"https:\/\/www.gieco-holz.de\/cms\/#website"},"datePublished":"2015-02-25T09:57:05+00:00","dateModified":"2022-01-16T18:12:02+00:00","breadcrumb":{"@id":"https:\/\/www.gieco-holz.de\/cms\/produkt\/schaukelboje\/#breadcrumb"},"inLanguage":"de-DE","potentialAction":[{"@type":"ReadAction","target":["https:\/\/www.gieco-holz.de\/cms\/produkt\/schaukelboje\/"]}]},{"@type":"BreadcrumbList","@id":"https:\/\/www.gieco-holz.de\/cms\/produkt\/schaukelboje\/#breadcrumb","itemListElement":[{"@type":"ListItem","position":1,"name":"Startseite","item":"https:\/\/www.gieco-holz.de\/cms\/"},{"@type":"ListItem","position":2,"name":"Katalog","item":"https:\/\/www.gieco-holz.de\/cms\/shop\/"},{"@type":"ListItem","position":3,"name":"Schaukelboje"}]},{"@type":"WebSite","@id":"https:\/\/www.gieco-holz.de\/cms\/#website","url":"https:\/\/www.gieco-holz.de\/cms\/","name":"GIECO Holz und Verbindungstechnik","description":"Blockh\u00e4user, Carports, Terrassen, Z\u00e4une, Sichtschutz, Gartenholz, Verkaufsh\u00e4user, Schrauben und Spielger\u00e4te","potentialAction":[{"@type":"SearchAction","target":{"@type":"EntryPoint","urlTemplate":"https:\/\/www.gieco-holz.de\/cms\/?s={search_term_string}"},"query-input":"required name=search_term_string"}],"inLanguage":"de-DE"}]}},"_links":{"self":[{"href":"https:\/\/www.gieco-holz.de\/cms\/wp-json\/wp\/v2\/product\/523"}],"collection":[{"href":"https:\/\/www.gieco-holz.de\/cms\/wp-json\/wp\/v2\/product"}],"about":[{"href":"https:\/\/www.gieco-holz.de\/cms\/wp-json\/wp\/v2\/types\/product"}],"wp:featuredmedia":[{"embeddable":true,"href":"https:\/\/www.gieco-holz.de\/cms\/wp-json\/wp\/v2\/media\/565"}],"wp:attachment":[{"href":"https:\/\/www.gieco-holz.de\/cms\/wp-json\/wp\/v2\/media?parent=523"}],"curies":[{"name":"wp","href":"https:\/\/api.w.org\/{rel}","templated":true}]}}