{"id":1552,"date":"2021-12-11T17:30:16","date_gmt":"2021-12-11T16:30:16","guid":{"rendered":"https:\/\/www.gieco-holz.de\/cms\/produkt\/import-placeholder-for-555\/"},"modified":"2022-01-16T19:16:18","modified_gmt":"2022-01-16T18:16:18","slug":"rutsche-3m-blau","status":"publish","type":"product","link":"https:\/\/www.gieco-holz.de\/cms\/produkt\/rutsche-3m-blau\/","title":{"rendered":"Rutsche 3,00 m blau"},"content":{"rendered":"<p><strong>Wellenrutsche 3 Meter lang, Farbe blau<br \/>\n<\/strong><\/p>\n<p><strong>Lieferumfang:<\/strong><\/p>\n<ul>\n<li>HDPE Kunststoff in einem St\u00fcck<\/li>\n<li>ca. 7 mm starkes Material<\/li>\n<li>f\u00fcr Podesth\u00f6he 145cm +\/- 5cm<\/li>\n<li>bis 250 kg belastbar<\/li>\n<li>inkl. Schrauben zum Befestigen<\/li>\n<li>T\u00dcV gepr\u00fcft<\/li>\n<\/ul>\n<p><strong>Warnhinweise lt. EU-Verordnung:<\/strong><\/p>\n<ul>\n<li>Nur f\u00fcr den privaten Hausgebrauch<\/li>\n<li>Nur f\u00fcr Kinder von 3 &#8211; 14 Jahren<\/li>\n<li>Benutzung nur unter Aufsicht von Erwachsenen<\/li>\n<\/ul>\n","protected":false},"excerpt":{"rendered":"<p>Die 3 Meter lange Wellenrutsche ist geeignet zum Anbau an eine Podesth\u00f6he von ca. 1,45 m (+\/- 5 cm). Sicheres Rutschen durch abgerundete, hohe Seitenw\u00e4nde. Die Rutsche ist in den Farben rot, blau und apfelgr\u00fcn erh\u00e4ltlich.<\/p>\n","protected":false},"featured_media":1592,"template":"","meta":[],"yoast_head":"<!-- This site is optimized with the Yoast SEO plugin v19.8 - https:\/\/yoast.com\/wordpress\/plugins\/seo\/ -->\n<title>Rutsche 3,00 m blau - GIECO Holz und Verbindungstechnik<\/title>\n<meta name=\"description\" content=\"Die 3 Meter lange Wellenrutsche ist geeignet zum Anbau an eine Podesth\u00f6he von ca. 1,45 m (+\/- 5 cm). Sicheres Rutschen durch abgerundete, hohe Seitenw\u00e4nde. Die Rutsche ist in den Farben rot, blau und apfelgr\u00fcn erh\u00e4ltlich.\" \/>\n<meta name=\"robots\" content=\"index, follow, max-snippet:-1, max-image-preview:large, max-video-preview:-1\" \/>\n<link rel=\"canonical\" href=\"https:\/\/www.gieco-holz.de\/cms\/produkt\/rutsche-3m-blau\/\" \/>\n<meta property=\"og:locale\" content=\"de_DE\" \/>\n<meta property=\"og:type\" content=\"article\" \/>\n<meta property=\"og:title\" content=\"Rutsche 3,00 m blau - GIECO Holz und Verbindungstechnik\" \/>\n<meta property=\"og:description\" content=\"Die 3 Meter lange Wellenrutsche ist geeignet zum Anbau an eine Podesth\u00f6he von ca. 1,45 m (+\/- 5 cm). Sicheres Rutschen durch abgerundete, hohe Seitenw\u00e4nde. Die Rutsche ist in den Farben rot, blau und apfelgr\u00fcn erh\u00e4ltlich.\" \/>\n<meta property=\"og:url\" content=\"https:\/\/www.gieco-holz.de\/cms\/produkt\/rutsche-3m-blau\/\" \/>\n<meta property=\"og:site_name\" content=\"GIECO Holz und Verbindungstechnik\" \/>\n<meta property=\"article:publisher\" content=\"https:\/\/www.facebook.com\/GIECO.Holz\/\" \/>\n<meta property=\"article:modified_time\" content=\"2022-01-16T18:16:18+00:00\" \/>\n<meta property=\"og:image\" content=\"https:\/\/www.gieco-holz.de\/cms\/wp-content\/uploads\/2021\/12\/Rutsche-blau.jpg\" \/>\n\t<meta property=\"og:image:width\" content=\"1024\" \/>\n\t<meta property=\"og:image:height\" content=\"1256\" \/>\n\t<meta property=\"og:image:type\" content=\"image\/jpeg\" \/>\n<meta name=\"twitter:card\" content=\"summary_large_image\" \/>\n<script type=\"application\/ld+json\" class=\"yoast-schema-graph\">{\"@context\":\"https:\/\/schema.org\",\"@graph\":[{\"@type\":\"WebPage\",\"@id\":\"https:\/\/www.gieco-holz.de\/cms\/produkt\/rutsche-3m-blau\/\",\"url\":\"https:\/\/www.gieco-holz.de\/cms\/produkt\/rutsche-3m-blau\/\",\"name\":\"Rutsche 3,00 m blau - GIECO Holz und Verbindungstechnik\",\"isPartOf\":{\"@id\":\"https:\/\/www.gieco-holz.de\/cms\/#website\"},\"datePublished\":\"2021-12-11T16:30:16+00:00\",\"dateModified\":\"2022-01-16T18:16:18+00:00\",\"description\":\"Die 3 Meter lange Wellenrutsche ist geeignet zum Anbau an eine Podesth\u00f6he von ca. 1,45 m (+\/- 5 cm). Sicheres Rutschen durch abgerundete, hohe Seitenw\u00e4nde. Die Rutsche ist in den Farben rot, blau und apfelgr\u00fcn erh\u00e4ltlich.\",\"breadcrumb\":{\"@id\":\"https:\/\/www.gieco-holz.de\/cms\/produkt\/rutsche-3m-blau\/#breadcrumb\"},\"inLanguage\":\"de-DE\",\"potentialAction\":[{\"@type\":\"ReadAction\",\"target\":[\"https:\/\/www.gieco-holz.de\/cms\/produkt\/rutsche-3m-blau\/\"]}]},{\"@type\":\"BreadcrumbList\",\"@id\":\"https:\/\/www.gieco-holz.de\/cms\/produkt\/rutsche-3m-blau\/#breadcrumb\",\"itemListElement\":[{\"@type\":\"ListItem\",\"position\":1,\"name\":\"Startseite\",\"item\":\"https:\/\/www.gieco-holz.de\/cms\/\"},{\"@type\":\"ListItem\",\"position\":2,\"name\":\"Katalog\",\"item\":\"https:\/\/www.gieco-holz.de\/cms\/shop\/\"},{\"@type\":\"ListItem\",\"position\":3,\"name\":\"Rutsche 3,00 m blau\"}]},{\"@type\":\"WebSite\",\"@id\":\"https:\/\/www.gieco-holz.de\/cms\/#website\",\"url\":\"https:\/\/www.gieco-holz.de\/cms\/\",\"name\":\"GIECO Holz und Verbindungstechnik\",\"description\":\"Blockh\u00e4user, Carports, Terrassen, Z\u00e4une, Sichtschutz, Gartenholz, Verkaufsh\u00e4user, Schrauben und Spielger\u00e4te\",\"potentialAction\":[{\"@type\":\"SearchAction\",\"target\":{\"@type\":\"EntryPoint\",\"urlTemplate\":\"https:\/\/www.gieco-holz.de\/cms\/?s={search_term_string}\"},\"query-input\":\"required name=search_term_string\"}],\"inLanguage\":\"de-DE\"}]}<\/script>\n<!-- \/ Yoast SEO plugin. -->","yoast_head_json":{"title":"Rutsche 3,00 m blau - GIECO Holz und Verbindungstechnik","description":"Die 3 Meter lange Wellenrutsche ist geeignet zum Anbau an eine Podesth\u00f6he von ca. 1,45 m (+\/- 5 cm). Sicheres Rutschen durch abgerundete, hohe Seitenw\u00e4nde. Die Rutsche ist in den Farben rot, blau und apfelgr\u00fcn erh\u00e4ltlich.","robots":{"index":"index","follow":"follow","max-snippet":"max-snippet:-1","max-image-preview":"max-image-preview:large","max-video-preview":"max-video-preview:-1"},"canonical":"https:\/\/www.gieco-holz.de\/cms\/produkt\/rutsche-3m-blau\/","og_locale":"de_DE","og_type":"article","og_title":"Rutsche 3,00 m blau - GIECO Holz und Verbindungstechnik","og_description":"Die 3 Meter lange Wellenrutsche ist geeignet zum Anbau an eine Podesth\u00f6he von ca. 1,45 m (+\/- 5 cm). Sicheres Rutschen durch abgerundete, hohe Seitenw\u00e4nde. Die Rutsche ist in den Farben rot, blau und apfelgr\u00fcn erh\u00e4ltlich.","og_url":"https:\/\/www.gieco-holz.de\/cms\/produkt\/rutsche-3m-blau\/","og_site_name":"GIECO Holz und Verbindungstechnik","article_publisher":"https:\/\/www.facebook.com\/GIECO.Holz\/","article_modified_time":"2022-01-16T18:16:18+00:00","og_image":[{"width":1024,"height":1256,"url":"https:\/\/www.gieco-holz.de\/cms\/wp-content\/uploads\/2021\/12\/Rutsche-blau.jpg","type":"image\/jpeg"}],"twitter_card":"summary_large_image","schema":{"@context":"https:\/\/schema.org","@graph":[{"@type":"WebPage","@id":"https:\/\/www.gieco-holz.de\/cms\/produkt\/rutsche-3m-blau\/","url":"https:\/\/www.gieco-holz.de\/cms\/produkt\/rutsche-3m-blau\/","name":"Rutsche 3,00 m blau - GIECO Holz und Verbindungstechnik","isPartOf":{"@id":"https:\/\/www.gieco-holz.de\/cms\/#website"},"datePublished":"2021-12-11T16:30:16+00:00","dateModified":"2022-01-16T18:16:18+00:00","description":"Die 3 Meter lange Wellenrutsche ist geeignet zum Anbau an eine Podesth\u00f6he von ca. 1,45 m (+\/- 5 cm). Sicheres Rutschen durch abgerundete, hohe Seitenw\u00e4nde. Die Rutsche ist in den Farben rot, blau und apfelgr\u00fcn erh\u00e4ltlich.","breadcrumb":{"@id":"https:\/\/www.gieco-holz.de\/cms\/produkt\/rutsche-3m-blau\/#breadcrumb"},"inLanguage":"de-DE","potentialAction":[{"@type":"ReadAction","target":["https:\/\/www.gieco-holz.de\/cms\/produkt\/rutsche-3m-blau\/"]}]},{"@type":"BreadcrumbList","@id":"https:\/\/www.gieco-holz.de\/cms\/produkt\/rutsche-3m-blau\/#breadcrumb","itemListElement":[{"@type":"ListItem","position":1,"name":"Startseite","item":"https:\/\/www.gieco-holz.de\/cms\/"},{"@type":"ListItem","position":2,"name":"Katalog","item":"https:\/\/www.gieco-holz.de\/cms\/shop\/"},{"@type":"ListItem","position":3,"name":"Rutsche 3,00 m blau"}]},{"@type":"WebSite","@id":"https:\/\/www.gieco-holz.de\/cms\/#website","url":"https:\/\/www.gieco-holz.de\/cms\/","name":"GIECO Holz und Verbindungstechnik","description":"Blockh\u00e4user, Carports, Terrassen, Z\u00e4une, Sichtschutz, Gartenholz, Verkaufsh\u00e4user, Schrauben und Spielger\u00e4te","potentialAction":[{"@type":"SearchAction","target":{"@type":"EntryPoint","urlTemplate":"https:\/\/www.gieco-holz.de\/cms\/?s={search_term_string}"},"query-input":"required name=search_term_string"}],"inLanguage":"de-DE"}]}},"_links":{"self":[{"href":"https:\/\/www.gieco-holz.de\/cms\/wp-json\/wp\/v2\/product\/1552"}],"collection":[{"href":"https:\/\/www.gieco-holz.de\/cms\/wp-json\/wp\/v2\/product"}],"about":[{"href":"https:\/\/www.gieco-holz.de\/cms\/wp-json\/wp\/v2\/types\/product"}],"wp:featuredmedia":[{"embeddable":true,"href":"https:\/\/www.gieco-holz.de\/cms\/wp-json\/wp\/v2\/media\/1592"}],"wp:attachment":[{"href":"https:\/\/www.gieco-holz.de\/cms\/wp-json\/wp\/v2\/media?parent=1552"}],"curies":[{"name":"wp","href":"https:\/\/api.w.org\/{rel}","templated":true}]}}