{"id":1913,"date":"2022-02-13T22:50:49","date_gmt":"2022-02-13T21:50:49","guid":{"rendered":"https:\/\/www.gieco-holz.de\/cms\/?page_id=1913"},"modified":"2022-02-14T00:10:41","modified_gmt":"2022-02-13T23:10:41","slug":"terrassen-zum-entspannen-und-wohlfuehlen","status":"publish","type":"page","link":"https:\/\/www.gieco-holz.de\/cms\/terrassen-zum-entspannen-und-wohlfuehlen\/","title":{"rendered":"Terrasse zum Entspannen und Wohlf\u00fchlen"},"content":{"rendered":"\n<p>Eine Terrasse aus nachhaltigen H\u00f6lzern bzw. witterungsbest\u00e4ndigen und pflegeleichten WPC-Dielen werten Ihr Zuhause enorm auf. Zu sinnvollen M\u00f6glichkeiten, alternativen Materialien, dem Stand der Technik zur Errichtung von Terrassen und dazu passende, optisch ansprechende Sichtschutz- und Zaunelemente beraten wir Sie gerne. Und die Gartenm\u00f6bel liefern wir Ihnen auf Wunsch direkt mit!<\/p>\n\n\n\n<figure class=\"wp-block-image size-large\"><a href=\"https:\/\/www.gieco-holz.de\/cms\/wp-content\/uploads\/2022\/02\/Karle-Rubner-Dielen-TKD-scaled.jpg\"><img loading=\"lazy\" width=\"1024\" height=\"663\" src=\"https:\/\/www.gieco-holz.de\/cms\/wp-content\/uploads\/2022\/02\/Karle-Rubner-Dielen-TKD-1024x663.jpg\" alt=\"Terrasse zum Entspannen und Wohlf\u00fchlen\" class=\"wp-image-1916\" srcset=\"https:\/\/www.gieco-holz.de\/cms\/wp-content\/uploads\/2022\/02\/Karle-Rubner-Dielen-TKD-1024x663.jpg 1024w, https:\/\/www.gieco-holz.de\/cms\/wp-content\/uploads\/2022\/02\/Karle-Rubner-Dielen-TKD-300x194.jpg 300w, https:\/\/www.gieco-holz.de\/cms\/wp-content\/uploads\/2022\/02\/Karle-Rubner-Dielen-TKD-768x497.jpg 768w, https:\/\/www.gieco-holz.de\/cms\/wp-content\/uploads\/2022\/02\/Karle-Rubner-Dielen-TKD-1536x994.jpg 1536w, https:\/\/www.gieco-holz.de\/cms\/wp-content\/uploads\/2022\/02\/Karle-Rubner-Dielen-TKD-2048x1326.jpg 2048w, https:\/\/www.gieco-holz.de\/cms\/wp-content\/uploads\/2022\/02\/Karle-Rubner-Dielen-TKD-100x65.jpg 100w, https:\/\/www.gieco-holz.de\/cms\/wp-content\/uploads\/2022\/02\/Karle-Rubner-Dielen-TKD-758x491.jpg 758w, https:\/\/www.gieco-holz.de\/cms\/wp-content\/uploads\/2022\/02\/Karle-Rubner-Dielen-TKD-1056x684.jpg 1056w, https:\/\/www.gieco-holz.de\/cms\/wp-content\/uploads\/2022\/02\/Karle-Rubner-Dielen-TKD-600x388.jpg 600w\" sizes=\"(max-width: 1024px) 100vw, 1024px\" \/><\/a><figcaption>3D Modell einer Terrasse mit Unterkonstruktion (Stelzlager, Aluprofile, Montageclips)<\/figcaption><\/figure>\n\n\n\n<p>Die Errichtung einer Terrasse ist eine Investition in mehr Freude am eigenen Zuhause. Sobald das Wetter und die Temperaturen es zulassen, suchen viele Menschen einen Ort der Entspannung, zum Freunde treffen, Grillen oder einfach nur zum Seele baumeln lassen.<\/p>\n\n\n\n<p>Terrassenkonstruktionen auf Balkonen oder D\u00e4chern, in G\u00e4rten oder um Pools sind hier h\u00e4ufig eine passende L\u00f6sung. Doch die beste Diele oder Fliese verliert ihre Sch\u00f6nheit, wenn die Unterkonstruktion nicht nachhaltig und fachgerecht ausgef\u00fchrt wurde. Wenn aber alle Komponenten inkl. vorhandenem Untergrund aufeinander abgestimmt sind, lohnt sich die Arbeit. So werden Sie viele Jahre Freude an Ihrer neuen Terrasse haben.<\/p>\n\n\n\n<h3>Terrassen von GIECO<\/h3>\n\n\n\n<p>GIECO hilft Ihnen bei der Planung und dem Aufbau von Terrassensystemen und arbeitet daf\u00fcr mit einem renommierten Hersteller zusammen. Wenn Sie uns in unserer Ausstellung besuchen, zeigen wir Ihnen gerne anhand von Mustern sowohl m\u00f6gliche Bodenbel\u00e4ge, als auch sinnvolle und haltbare Unterkonstruktionen und Montagehilfen. \u00dcber moderne Planungstools k\u00f6nnen wir Ihnen schnell einen groben Plan inkl. Budgetrahmen nennen. Probieren Sie es gerne mal aus!<\/p>\n\n\n\n<figure class=\"wp-block-image size-large\"><a href=\"https:\/\/www.gieco-holz.de\/cms\/wp-content\/uploads\/2022\/02\/Thermo-Esche-1-scaled.jpg\"><img loading=\"lazy\" width=\"768\" height=\"1024\" src=\"https:\/\/www.gieco-holz.de\/cms\/wp-content\/uploads\/2022\/02\/Thermo-Esche-1-768x1024.jpg\" alt=\"Terrasse zum Entspannen und Wohlf\u00fchlen\" class=\"wp-image-1921\" srcset=\"https:\/\/www.gieco-holz.de\/cms\/wp-content\/uploads\/2022\/02\/Thermo-Esche-1-768x1024.jpg 768w, https:\/\/www.gieco-holz.de\/cms\/wp-content\/uploads\/2022\/02\/Thermo-Esche-1-225x300.jpg 225w, https:\/\/www.gieco-holz.de\/cms\/wp-content\/uploads\/2022\/02\/Thermo-Esche-1-1152x1536.jpg 1152w, https:\/\/www.gieco-holz.de\/cms\/wp-content\/uploads\/2022\/02\/Thermo-Esche-1-1536x2048.jpg 1536w, https:\/\/www.gieco-holz.de\/cms\/wp-content\/uploads\/2022\/02\/Thermo-Esche-1-100x133.jpg 100w, https:\/\/www.gieco-holz.de\/cms\/wp-content\/uploads\/2022\/02\/Thermo-Esche-1-758x1011.jpg 758w, https:\/\/www.gieco-holz.de\/cms\/wp-content\/uploads\/2022\/02\/Thermo-Esche-1-1056x1408.jpg 1056w, https:\/\/www.gieco-holz.de\/cms\/wp-content\/uploads\/2022\/02\/Thermo-Esche-1-600x800.jpg 600w, https:\/\/www.gieco-holz.de\/cms\/wp-content\/uploads\/2022\/02\/Thermo-Esche-1-scaled.jpg 1920w\" sizes=\"(max-width: 768px) 100vw, 768px\" \/><\/a><\/figure>\n\n\n\n<p>Insbesondere die Kombination aus unterschiedlichen Materialien finden wir spannend. Hierbei sind H\u00f6henunterschiede oder ausgefallene Grundrisse kein Problem, denn sie integrieren sich sinnvoll und formsch\u00f6n in eine professionelle Gesamtplanung. Auch Nassbereiche um Gartenpools lassen sie schick und haltbar mit unseren Systemen gestalten. Im Ergebnis erhalten Sie eine Terrasse, die ein Gef\u00fchl von Urlaub und Sommer ins eigene Zuhause holt. Und Ihnen jahrelang Freude bereitet!<\/p>\n\n\n\n<h3>Schritte zur eigenen Terrasse: Planung, Lieferung, Montage und Service<\/h3>\n\n\n\n<p>Uns ist es wichtig, Ihnen eine Komplettl\u00f6sung anzubieten. H\u00e4ufig schauen wir uns deshalb vorher die Situation vor Ort an, um einen besseren Eindruck zu bekommen. Wir unterst\u00fctzen Sie von der Planung bis zur finalen Umsetzung durch unsere Montagepartner. Und wer m\u00f6chte, montiert die eigene Wunschterrasse einfach selbst. Wir liefern Ihnen dann gerne alle ben\u00f6tigten Materialien und Verlegepl\u00e4ne zu.<\/p>\n","protected":false},"excerpt":{"rendered":"<p>Eine Terrasse aus nachhaltigen H\u00f6lzern bzw. witterungsbest\u00e4ndigen und pflegeleichten WPC-Dielen werten Ihr Zuhause enorm auf. Zu sinnvollen M\u00f6glichkeiten, alternativen Materialien, dem Stand der Technik zur Errichtung von Terrassen und dazu passende, optisch ansprechende Sichtschutz- und Zaunelemente beraten wir Sie gerne. Und die Gartenm\u00f6bel liefern wir Ihnen auf Wunsch direkt mit! Die Errichtung einer Terrasse ist eine Investition in mehr Freude &#8230;<\/p>\n","protected":false},"author":3,"featured_media":1417,"parent":0,"menu_order":0,"comment_status":"closed","ping_status":"closed","template":"","meta":[],"yoast_head":"<!-- This site is optimized with the Yoast SEO plugin v19.8 - https:\/\/yoast.com\/wordpress\/plugins\/seo\/ -->\n<title>Terrasse inkl. Unterkonstruktion von GIECO: Planung, Lieferung, Montage<\/title>\n<meta name=\"description\" content=\"Eine Terrasse aus nachhaltigen H\u00f6lzern, witterungsbest\u00e4ndigen und pflegeleichten WPC-Dielen bzw. Keramikfliesen werten jeden Garten enorm auf. GIECO ber\u00e4t Sie zu sinnvollen M\u00f6glichkeiten, formsch\u00f6nen Materialkombinationen und haltbaren Unterkonstruktionen.\" \/>\n<meta name=\"robots\" content=\"index, follow, max-snippet:-1, max-image-preview:large, max-video-preview:-1\" \/>\n<link rel=\"canonical\" href=\"https:\/\/www.gieco-holz.de\/cms\/terrassen-zum-entspannen-und-wohlfuehlen\/\" \/>\n<meta property=\"og:locale\" content=\"de_DE\" \/>\n<meta property=\"og:type\" content=\"article\" \/>\n<meta property=\"og:title\" content=\"Terrasse inkl. Unterkonstruktion von GIECO: Planung, Lieferung, Montage\" \/>\n<meta property=\"og:description\" content=\"Eine Terrasse aus nachhaltigen H\u00f6lzern, witterungsbest\u00e4ndigen und pflegeleichten WPC-Dielen bzw. Keramikfliesen werten jeden Garten enorm auf. GIECO ber\u00e4t Sie zu sinnvollen M\u00f6glichkeiten, formsch\u00f6nen Materialkombinationen und haltbaren Unterkonstruktionen.\" \/>\n<meta property=\"og:url\" content=\"https:\/\/www.gieco-holz.de\/cms\/terrassen-zum-entspannen-und-wohlfuehlen\/\" \/>\n<meta property=\"og:site_name\" content=\"GIECO Holz und Verbindungstechnik\" \/>\n<meta property=\"article:publisher\" content=\"https:\/\/www.facebook.com\/GIECO.Holz\/\" \/>\n<meta property=\"article:modified_time\" content=\"2022-02-13T23:10:41+00:00\" \/>\n<meta property=\"og:image\" content=\"https:\/\/www.gieco-holz.de\/cms\/wp-content\/uploads\/2021\/02\/20200828_160633-scaled-e1644789245976.jpg\" \/>\n\t<meta property=\"og:image:width\" content=\"1920\" \/>\n\t<meta property=\"og:image:height\" content=\"1324\" \/>\n\t<meta property=\"og:image:type\" content=\"image\/jpeg\" \/>\n<meta name=\"twitter:card\" content=\"summary_large_image\" \/>\n<script type=\"application\/ld+json\" class=\"yoast-schema-graph\">{\"@context\":\"https:\/\/schema.org\",\"@graph\":[{\"@type\":\"WebPage\",\"@id\":\"https:\/\/www.gieco-holz.de\/cms\/terrassen-zum-entspannen-und-wohlfuehlen\/\",\"url\":\"https:\/\/www.gieco-holz.de\/cms\/terrassen-zum-entspannen-und-wohlfuehlen\/\",\"name\":\"Terrasse inkl. Unterkonstruktion von GIECO: Planung, Lieferung, Montage\",\"isPartOf\":{\"@id\":\"https:\/\/www.gieco-holz.de\/cms\/#website\"},\"datePublished\":\"2022-02-13T21:50:49+00:00\",\"dateModified\":\"2022-02-13T23:10:41+00:00\",\"description\":\"Eine Terrasse aus nachhaltigen H\u00f6lzern, witterungsbest\u00e4ndigen und pflegeleichten WPC-Dielen bzw. Keramikfliesen werten jeden Garten enorm auf. GIECO ber\u00e4t Sie zu sinnvollen M\u00f6glichkeiten, formsch\u00f6nen Materialkombinationen und haltbaren Unterkonstruktionen.\",\"breadcrumb\":{\"@id\":\"https:\/\/www.gieco-holz.de\/cms\/terrassen-zum-entspannen-und-wohlfuehlen\/#breadcrumb\"},\"inLanguage\":\"de-DE\",\"potentialAction\":[{\"@type\":\"ReadAction\",\"target\":[\"https:\/\/www.gieco-holz.de\/cms\/terrassen-zum-entspannen-und-wohlfuehlen\/\"]}]},{\"@type\":\"BreadcrumbList\",\"@id\":\"https:\/\/www.gieco-holz.de\/cms\/terrassen-zum-entspannen-und-wohlfuehlen\/#breadcrumb\",\"itemListElement\":[{\"@type\":\"ListItem\",\"position\":1,\"name\":\"Startseite\",\"item\":\"https:\/\/www.gieco-holz.de\/cms\/\"},{\"@type\":\"ListItem\",\"position\":2,\"name\":\"Terrasse zum Entspannen und Wohlf\u00fchlen\"}]},{\"@type\":\"WebSite\",\"@id\":\"https:\/\/www.gieco-holz.de\/cms\/#website\",\"url\":\"https:\/\/www.gieco-holz.de\/cms\/\",\"name\":\"GIECO Holz und Verbindungstechnik\",\"description\":\"Blockh\u00e4user, Carports, Terrassen, Z\u00e4une, Sichtschutz, Gartenholz, Verkaufsh\u00e4user, Schrauben und Spielger\u00e4te\",\"potentialAction\":[{\"@type\":\"SearchAction\",\"target\":{\"@type\":\"EntryPoint\",\"urlTemplate\":\"https:\/\/www.gieco-holz.de\/cms\/?s={search_term_string}\"},\"query-input\":\"required name=search_term_string\"}],\"inLanguage\":\"de-DE\"}]}<\/script>\n<!-- \/ Yoast SEO plugin. -->","yoast_head_json":{"title":"Terrasse inkl. Unterkonstruktion von GIECO: Planung, Lieferung, Montage","description":"Eine Terrasse aus nachhaltigen H\u00f6lzern, witterungsbest\u00e4ndigen und pflegeleichten WPC-Dielen bzw. Keramikfliesen werten jeden Garten enorm auf. GIECO ber\u00e4t Sie zu sinnvollen M\u00f6glichkeiten, formsch\u00f6nen Materialkombinationen und haltbaren Unterkonstruktionen.","robots":{"index":"index","follow":"follow","max-snippet":"max-snippet:-1","max-image-preview":"max-image-preview:large","max-video-preview":"max-video-preview:-1"},"canonical":"https:\/\/www.gieco-holz.de\/cms\/terrassen-zum-entspannen-und-wohlfuehlen\/","og_locale":"de_DE","og_type":"article","og_title":"Terrasse inkl. Unterkonstruktion von GIECO: Planung, Lieferung, Montage","og_description":"Eine Terrasse aus nachhaltigen H\u00f6lzern, witterungsbest\u00e4ndigen und pflegeleichten WPC-Dielen bzw. Keramikfliesen werten jeden Garten enorm auf. GIECO ber\u00e4t Sie zu sinnvollen M\u00f6glichkeiten, formsch\u00f6nen Materialkombinationen und haltbaren Unterkonstruktionen.","og_url":"https:\/\/www.gieco-holz.de\/cms\/terrassen-zum-entspannen-und-wohlfuehlen\/","og_site_name":"GIECO Holz und Verbindungstechnik","article_publisher":"https:\/\/www.facebook.com\/GIECO.Holz\/","article_modified_time":"2022-02-13T23:10:41+00:00","og_image":[{"width":1920,"height":1324,"url":"https:\/\/www.gieco-holz.de\/cms\/wp-content\/uploads\/2021\/02\/20200828_160633-scaled-e1644789245976.jpg","type":"image\/jpeg"}],"twitter_card":"summary_large_image","schema":{"@context":"https:\/\/schema.org","@graph":[{"@type":"WebPage","@id":"https:\/\/www.gieco-holz.de\/cms\/terrassen-zum-entspannen-und-wohlfuehlen\/","url":"https:\/\/www.gieco-holz.de\/cms\/terrassen-zum-entspannen-und-wohlfuehlen\/","name":"Terrasse inkl. Unterkonstruktion von GIECO: Planung, Lieferung, Montage","isPartOf":{"@id":"https:\/\/www.gieco-holz.de\/cms\/#website"},"datePublished":"2022-02-13T21:50:49+00:00","dateModified":"2022-02-13T23:10:41+00:00","description":"Eine Terrasse aus nachhaltigen H\u00f6lzern, witterungsbest\u00e4ndigen und pflegeleichten WPC-Dielen bzw. Keramikfliesen werten jeden Garten enorm auf. GIECO ber\u00e4t Sie zu sinnvollen M\u00f6glichkeiten, formsch\u00f6nen Materialkombinationen und haltbaren Unterkonstruktionen.","breadcrumb":{"@id":"https:\/\/www.gieco-holz.de\/cms\/terrassen-zum-entspannen-und-wohlfuehlen\/#breadcrumb"},"inLanguage":"de-DE","potentialAction":[{"@type":"ReadAction","target":["https:\/\/www.gieco-holz.de\/cms\/terrassen-zum-entspannen-und-wohlfuehlen\/"]}]},{"@type":"BreadcrumbList","@id":"https:\/\/www.gieco-holz.de\/cms\/terrassen-zum-entspannen-und-wohlfuehlen\/#breadcrumb","itemListElement":[{"@type":"ListItem","position":1,"name":"Startseite","item":"https:\/\/www.gieco-holz.de\/cms\/"},{"@type":"ListItem","position":2,"name":"Terrasse zum Entspannen und Wohlf\u00fchlen"}]},{"@type":"WebSite","@id":"https:\/\/www.gieco-holz.de\/cms\/#website","url":"https:\/\/www.gieco-holz.de\/cms\/","name":"GIECO Holz und Verbindungstechnik","description":"Blockh\u00e4user, Carports, Terrassen, Z\u00e4une, Sichtschutz, Gartenholz, Verkaufsh\u00e4user, Schrauben und Spielger\u00e4te","potentialAction":[{"@type":"SearchAction","target":{"@type":"EntryPoint","urlTemplate":"https:\/\/www.gieco-holz.de\/cms\/?s={search_term_string}"},"query-input":"required name=search_term_string"}],"inLanguage":"de-DE"}]}},"_links":{"self":[{"href":"https:\/\/www.gieco-holz.de\/cms\/wp-json\/wp\/v2\/pages\/1913"}],"collection":[{"href":"https:\/\/www.gieco-holz.de\/cms\/wp-json\/wp\/v2\/pages"}],"about":[{"href":"https:\/\/www.gieco-holz.de\/cms\/wp-json\/wp\/v2\/types\/page"}],"author":[{"embeddable":true,"href":"https:\/\/www.gieco-holz.de\/cms\/wp-json\/wp\/v2\/users\/3"}],"replies":[{"embeddable":true,"href":"https:\/\/www.gieco-holz.de\/cms\/wp-json\/wp\/v2\/comments?post=1913"}],"version-history":[{"count":18,"href":"https:\/\/www.gieco-holz.de\/cms\/wp-json\/wp\/v2\/pages\/1913\/revisions"}],"predecessor-version":[{"id":1951,"href":"https:\/\/www.gieco-holz.de\/cms\/wp-json\/wp\/v2\/pages\/1913\/revisions\/1951"}],"wp:featuredmedia":[{"embeddable":true,"href":"https:\/\/www.gieco-holz.de\/cms\/wp-json\/wp\/v2\/media\/1417"}],"wp:attachment":[{"href":"https:\/\/www.gieco-holz.de\/cms\/wp-json\/wp\/v2\/media?parent=1913"}],"curies":[{"name":"wp","href":"https:\/\/api.w.org\/{rel}","templated":true}]}}