{"id":1397,"date":"2021-02-14T21:16:58","date_gmt":"2021-02-14T20:16:58","guid":{"rendered":"https:\/\/www.gieco-holz.de\/cms\/?page_id=1397"},"modified":"2022-02-14T00:09:52","modified_gmt":"2022-02-13T23:09:52","slug":"kunden","status":"publish","type":"page","link":"https:\/\/www.gieco-holz.de\/cms\/kunden\/","title":{"rendered":"Unsere Kunden sind unsere Leidenschaft"},"content":{"rendered":"\n<p>GIECO liefert Blockh\u00e4user, Carports, Pavillons, Terrassen, Z\u00e4une, Sichtschutzelemente, Hochbeete und Kinderspielger\u00e4te. Wir erweitern das heimische Wohnzimmer in den Garten. Wir schaffen Wohlgef\u00fchl f\u00fcr Alt und Jung. Und: Wir sind erst zufrieden, wenn Sie es sind!<\/p>\n\n\n\n<p>Kunden von GIECO sind Gartenbesitzer, Heimwerker, Handwerker, Bauherren und Unternehmer aus den Kreisen Olpe, M\u00e4rkischer Kreis und Hochsauerlandkreis. Gerne liefern wir unsere Ware auch \u00fcberregional aus. Sprechen Sie uns an!<\/p>\n\n\n\n<p>Neben dem Produktbereich &#8222;Gartenholz \/ Holz im Garten&#8220; bieten wir unseren Kunden vor Ort eine gro\u00dfe Auswahl an Schrauben und Verbindungstechnik. In unserem Verkaufsraum erhalten Sie kompetente Beratung und gute Qualit\u00e4t zu einem fairen Preis. Wir sind Partner f\u00fcr das Handwerk und Geheimtip f\u00fcr alle Heimwerker und die, die es werden wollen.<\/p>\n\n\n\n<p>Unser Gesch\u00e4ftsbereich Verkaufsh\u00e4user &amp; Unterst\u00e4nde bietet Verkaufsl\u00f6sungen f\u00fcr Landwirte in Direktvermarktung, Hofl\u00e4den und Weihnachtsbaumh\u00e4ndler. Zudem beliefern wir Vereine, Weihnachtsm\u00e4rkte sowie St\u00e4dte \/ Kommunen. GIECO steht f\u00fcr individuelle L\u00f6sungen, schnellen Aufbau und langlebige Qualit\u00e4t.<\/p>\n\n\n\n<p>F\u00fcr Weihnachtsbaumproduzenten und -h\u00e4ndler produziert GIECO passgenaue Transport-Paletten und Seitenbretter f\u00fcr alle g\u00e4ngigen Verpackungsmaschinen. Diese liefern wir Ihnen p\u00fcnktlich zur Saison an den Ort ihrer Wahl.<\/p>\n\n\n\n<h3>Handwerker, Bauherren, Unternehmer<\/h3>\n\n\n\n<p>GIECO h\u00e4lt ein gro\u00dfes Sortiment an Schrauben und Verbindungstechnik am Standort in Eslohe-Cobbenrode vor. Bei gro\u00dfen Bauprojekten, handwerklichen Betrieben und industriellen Fertigungsprozessen ist es wichtig, qualitativ hochwertiges und passendes Material p\u00fcnktlich vor Ort zu haben. Handwerker, Bauherren und Unternehmer sch\u00e4tzen die schnelle, unkomplizierte Verf\u00fcgbarkeit und Abwicklung bei GIECO. Wenn Sie auch ein gr\u00f6\u00dferes Bauprojekt planen oder als Handwerker immer mal wieder schnell Material f\u00fcr die Baustelle ben\u00f6tigen, sprechen Sie uns gerne an! Wir er\u00f6ffnen Ihnen auf Nachweis ein Kundenkonto und vereinbaren faire Konditionen, passend zu Ihrem individuellen Bedarf.<\/p>\n","protected":false},"excerpt":{"rendered":"<p>GIECO liefert Blockh\u00e4user, Carports, Pavillons, Terrassen, Z\u00e4une, Sichtschutzelemente, Hochbeete und Kinderspielger\u00e4te. Wir erweitern das heimische Wohnzimmer in den Garten. Wir schaffen Wohlgef\u00fchl f\u00fcr Alt und Jung. Und: Wir sind erst zufrieden, wenn Sie es sind! Kunden von GIECO sind Gartenbesitzer, Heimwerker, Handwerker, Bauherren und Unternehmer aus den Kreisen Olpe, M\u00e4rkischer Kreis und Hochsauerlandkreis. Gerne liefern wir unsere Ware auch \u00fcberregional &#8230;<\/p>\n","protected":false},"author":3,"featured_media":0,"parent":0,"menu_order":0,"comment_status":"closed","ping_status":"closed","template":"","meta":[],"yoast_head":"<!-- This site is optimized with the Yoast SEO plugin v19.8 - https:\/\/yoast.com\/wordpress\/plugins\/seo\/ -->\n<title>Unsere Kunden - GIECO Holz und Verbindungstechnik<\/title>\n<meta name=\"robots\" content=\"index, follow, max-snippet:-1, max-image-preview:large, max-video-preview:-1\" \/>\n<link rel=\"canonical\" href=\"https:\/\/www.gieco-holz.de\/cms\/kunden\/\" \/>\n<meta property=\"og:locale\" content=\"de_DE\" \/>\n<meta property=\"og:type\" content=\"article\" \/>\n<meta property=\"og:title\" content=\"Unsere Kunden - GIECO Holz und Verbindungstechnik\" \/>\n<meta property=\"og:description\" content=\"GIECO liefert Blockh\u00e4user, Carports, Pavillons, Terrassen, Z\u00e4une, Sichtschutzelemente, Hochbeete und Kinderspielger\u00e4te. Wir erweitern das heimische Wohnzimmer in den Garten. Wir schaffen Wohlgef\u00fchl f\u00fcr Alt und Jung. Und: Wir sind erst zufrieden, wenn Sie es sind! Kunden von GIECO sind Gartenbesitzer, Heimwerker, Handwerker, Bauherren und Unternehmer aus den Kreisen Olpe, M\u00e4rkischer Kreis und Hochsauerlandkreis. Gerne liefern wir unsere Ware auch \u00fcberregional ...\" \/>\n<meta property=\"og:url\" content=\"https:\/\/www.gieco-holz.de\/cms\/kunden\/\" \/>\n<meta property=\"og:site_name\" content=\"GIECO Holz und Verbindungstechnik\" \/>\n<meta property=\"article:publisher\" content=\"https:\/\/www.facebook.com\/GIECO.Holz\/\" \/>\n<meta property=\"article:modified_time\" content=\"2022-02-13T23:09:52+00:00\" \/>\n<meta name=\"twitter:card\" content=\"summary_large_image\" \/>\n<script type=\"application\/ld+json\" class=\"yoast-schema-graph\">{\"@context\":\"https:\/\/schema.org\",\"@graph\":[{\"@type\":\"WebPage\",\"@id\":\"https:\/\/www.gieco-holz.de\/cms\/kunden\/\",\"url\":\"https:\/\/www.gieco-holz.de\/cms\/kunden\/\",\"name\":\"Unsere Kunden - GIECO Holz und Verbindungstechnik\",\"isPartOf\":{\"@id\":\"https:\/\/www.gieco-holz.de\/cms\/#website\"},\"datePublished\":\"2021-02-14T20:16:58+00:00\",\"dateModified\":\"2022-02-13T23:09:52+00:00\",\"breadcrumb\":{\"@id\":\"https:\/\/www.gieco-holz.de\/cms\/kunden\/#breadcrumb\"},\"inLanguage\":\"de-DE\",\"potentialAction\":[{\"@type\":\"ReadAction\",\"target\":[\"https:\/\/www.gieco-holz.de\/cms\/kunden\/\"]}]},{\"@type\":\"BreadcrumbList\",\"@id\":\"https:\/\/www.gieco-holz.de\/cms\/kunden\/#breadcrumb\",\"itemListElement\":[{\"@type\":\"ListItem\",\"position\":1,\"name\":\"Startseite\",\"item\":\"https:\/\/www.gieco-holz.de\/cms\/\"},{\"@type\":\"ListItem\",\"position\":2,\"name\":\"Unsere Kunden sind unsere Leidenschaft\"}]},{\"@type\":\"WebSite\",\"@id\":\"https:\/\/www.gieco-holz.de\/cms\/#website\",\"url\":\"https:\/\/www.gieco-holz.de\/cms\/\",\"name\":\"GIECO Holz und Verbindungstechnik\",\"description\":\"Blockh\u00e4user, Carports, Terrassen, Z\u00e4une, Sichtschutz, Gartenholz, Verkaufsh\u00e4user, Schrauben und Spielger\u00e4te\",\"potentialAction\":[{\"@type\":\"SearchAction\",\"target\":{\"@type\":\"EntryPoint\",\"urlTemplate\":\"https:\/\/www.gieco-holz.de\/cms\/?s={search_term_string}\"},\"query-input\":\"required name=search_term_string\"}],\"inLanguage\":\"de-DE\"}]}<\/script>\n<!-- \/ Yoast SEO plugin. -->","yoast_head_json":{"title":"Unsere Kunden - GIECO Holz und Verbindungstechnik","robots":{"index":"index","follow":"follow","max-snippet":"max-snippet:-1","max-image-preview":"max-image-preview:large","max-video-preview":"max-video-preview:-1"},"canonical":"https:\/\/www.gieco-holz.de\/cms\/kunden\/","og_locale":"de_DE","og_type":"article","og_title":"Unsere Kunden - GIECO Holz und Verbindungstechnik","og_description":"GIECO liefert Blockh\u00e4user, Carports, Pavillons, Terrassen, Z\u00e4une, Sichtschutzelemente, Hochbeete und Kinderspielger\u00e4te. Wir erweitern das heimische Wohnzimmer in den Garten. Wir schaffen Wohlgef\u00fchl f\u00fcr Alt und Jung. Und: Wir sind erst zufrieden, wenn Sie es sind! Kunden von GIECO sind Gartenbesitzer, Heimwerker, Handwerker, Bauherren und Unternehmer aus den Kreisen Olpe, M\u00e4rkischer Kreis und Hochsauerlandkreis. Gerne liefern wir unsere Ware auch \u00fcberregional ...","og_url":"https:\/\/www.gieco-holz.de\/cms\/kunden\/","og_site_name":"GIECO Holz und Verbindungstechnik","article_publisher":"https:\/\/www.facebook.com\/GIECO.Holz\/","article_modified_time":"2022-02-13T23:09:52+00:00","twitter_card":"summary_large_image","schema":{"@context":"https:\/\/schema.org","@graph":[{"@type":"WebPage","@id":"https:\/\/www.gieco-holz.de\/cms\/kunden\/","url":"https:\/\/www.gieco-holz.de\/cms\/kunden\/","name":"Unsere Kunden - GIECO Holz und Verbindungstechnik","isPartOf":{"@id":"https:\/\/www.gieco-holz.de\/cms\/#website"},"datePublished":"2021-02-14T20:16:58+00:00","dateModified":"2022-02-13T23:09:52+00:00","breadcrumb":{"@id":"https:\/\/www.gieco-holz.de\/cms\/kunden\/#breadcrumb"},"inLanguage":"de-DE","potentialAction":[{"@type":"ReadAction","target":["https:\/\/www.gieco-holz.de\/cms\/kunden\/"]}]},{"@type":"BreadcrumbList","@id":"https:\/\/www.gieco-holz.de\/cms\/kunden\/#breadcrumb","itemListElement":[{"@type":"ListItem","position":1,"name":"Startseite","item":"https:\/\/www.gieco-holz.de\/cms\/"},{"@type":"ListItem","position":2,"name":"Unsere Kunden sind unsere Leidenschaft"}]},{"@type":"WebSite","@id":"https:\/\/www.gieco-holz.de\/cms\/#website","url":"https:\/\/www.gieco-holz.de\/cms\/","name":"GIECO Holz und Verbindungstechnik","description":"Blockh\u00e4user, Carports, Terrassen, Z\u00e4une, Sichtschutz, Gartenholz, Verkaufsh\u00e4user, Schrauben und Spielger\u00e4te","potentialAction":[{"@type":"SearchAction","target":{"@type":"EntryPoint","urlTemplate":"https:\/\/www.gieco-holz.de\/cms\/?s={search_term_string}"},"query-input":"required name=search_term_string"}],"inLanguage":"de-DE"}]}},"_links":{"self":[{"href":"https:\/\/www.gieco-holz.de\/cms\/wp-json\/wp\/v2\/pages\/1397"}],"collection":[{"href":"https:\/\/www.gieco-holz.de\/cms\/wp-json\/wp\/v2\/pages"}],"about":[{"href":"https:\/\/www.gieco-holz.de\/cms\/wp-json\/wp\/v2\/types\/page"}],"author":[{"embeddable":true,"href":"https:\/\/www.gieco-holz.de\/cms\/wp-json\/wp\/v2\/users\/3"}],"replies":[{"embeddable":true,"href":"https:\/\/www.gieco-holz.de\/cms\/wp-json\/wp\/v2\/comments?post=1397"}],"version-history":[{"count":11,"href":"https:\/\/www.gieco-holz.de\/cms\/wp-json\/wp\/v2\/pages\/1397\/revisions"}],"predecessor-version":[{"id":1949,"href":"https:\/\/www.gieco-holz.de\/cms\/wp-json\/wp\/v2\/pages\/1397\/revisions\/1949"}],"wp:attachment":[{"href":"https:\/\/www.gieco-holz.de\/cms\/wp-json\/wp\/v2\/media?parent=1397"}],"curies":[{"name":"wp","href":"https:\/\/api.w.org\/{rel}","templated":true}]}}